me factors of 62836920?
2, 3, 5, 23, 7589
What are the prime factors of 819280921?
819280921
List the prime factors of 2265198439.
7, 17, 29, 656389
What are the prime factors of 158317380?
2, 3, 5, 13, 29, 2333
What are the prime factors of 191849891?
191849891
What are the prime factors of 166072856?
2, 20759107
List the prime factors of 260084127.
3, 191, 541, 839
List the prime factors of 72642039.
3, 59, 97, 4231
What are the prime factors of 585710458?
2, 331, 727, 1217
What are the prime factors of 233246015?
5, 31, 1504813
List the prime factors of 374364449.
797, 469717
What are the prime factors of 204292070?
2, 5, 233, 87679
List the prime factors of 396301488.
2, 3, 11, 750571
List the prime factors of 1334891824.
2, 7, 11918677
List the prime factors of 253476567.
3, 59, 159119
What are the prime factors of 53405096?
2, 97, 68821
What are the prime factors of 18139094?
2, 29, 312743
What are the prime factors of 5331742110?
2, 3, 5, 19747193
What are the prime factors of 11356548?
2, 3, 7, 135197
List the prime factors of 539629339.
89, 6063251
List the prime factors of 2592032510.
2, 5, 1901, 136351
List the prime factors of 13533132.
2, 3, 43, 26227
List the prime factors of 47010444.
2, 3, 13, 301349
List the prime factors of 85893666.
2, 3, 14315611
What are the prime factors of 893159681?
893159681
List the prime factors of 1245474737.
13, 79, 93287
List the prime factors of 38861788.
2, 7, 1387921
What are the prime factors of 873208230?
2, 3, 5, 17, 1712173
List the prime factors of 31762066.
2, 7, 2268719
What are the prime factors of 2945942235?
3, 5, 23, 29, 61, 1609
What are the prime factors of 97838179?
17, 5755187
What are the prime factors of 83112263?
13, 6393251
List the prime factors of 312279948.
2, 3, 269, 3583
List the prime factors of 4494327113.
29, 154976797
What are the prime factors of 29210291?
11, 2655481
What are the prime factors of 1182733561?
1182733561
List the prime factors of 694909784.
2, 86863723
List the prime factors of 886660.
2, 5, 43, 1031
List the prime factors of 294078164.
2, 73, 1007117
What are the prime factors of 24159729?
3, 11, 23, 139, 229
What are the prime factors of 508855599?
3, 7, 127, 63599
What are the prime factors of 171147930?
2, 3, 5, 151, 37781
What are the prime factors of 1726429912?
2, 215803739
List the prime factors of 7572238.
2, 3786119
List the prime factors of 3327978171.
3, 7, 139, 167, 6827
What are the prime factors of 840425309?
19, 89, 496999
What are the prime factors of 1709229319?
7, 37, 942763
List the prime factors of 688448053.
223, 3087211
What are the prime factors of 680103868?
2, 67, 2537701
List the prime factors of 3894604.
2, 7, 367, 379
What are the prime factors of 417475166?
2, 208737583
What are the prime factors of 6801164677?
643, 10577239
What are the prime factors of 287854781?
1973, 145897
List the prime factors of 44559457.
29, 1536533
List the prime factors of 1012967768.
2, 157, 806503
What are the prime factors of 538239216?
2, 3, 1931, 5807
What are the prime factors of 265744067?
53, 5014039
What are the prime factors of 579679211?
167, 3471133
What are the prime factors of 171285348?
2, 3, 13, 1097983
What are the prime factors of 2362729131?
3, 7, 2113, 17749
List the prime factors of 2445580533.
3, 11, 311, 238291
What are the prime factors of 1727649433?
809, 2135537
What are the prime factors of 444352971?
3, 73, 193, 10513
List the prime factors of 6096567856.
2, 2543, 149837
What are the prime factors of 1605694175?
5, 43, 211, 7079
List the prime factors of 110893798.
2, 55446899
What are the prime factors of 796542400?
2, 5, 497839
List the prime factors of 12824931.
3, 7, 29, 21059
What are the prime factors of 300179442?
2, 3, 19, 138587
What are the prime factors of 143214949?
751, 190699
What are the prime factors of 24586426?
2, 37, 83, 4003
What are the prime factors of 300425642?
2, 11, 113, 120847
List the prime factors of 263602274.
2, 13, 1873, 5413
List the prime factors of 40022373.
3, 13340791
What are the prime factors of 2584918704?
2, 3, 53852473
List the prime factors of 73286369.
13, 137, 41149
What are the prime factors of 6011027471?
6011027471
List the prime factors of 1832340739.
1832340739
What are the prime factors of 8533646?
2, 11, 179, 197
List the prime factors of 336578460.
2, 3, 5, 101, 55541
List the prime factors of 244407121.
7, 34915303
What are the prime factors of 2491982415?
3, 5, 13, 473311
What are the prime factors of 40500177?
3, 13500059
What are the prime factors of 48763276?
2, 17, 251, 2857
List the prime factors of 51543599.
19, 571, 4751
List the prime factors of 17945630.
2, 5, 137, 13099
List the prime factors of 1015843452.
2, 3, 13, 500909
What are the prime factors of 615423?
3, 205141
What are the prime factors of 4961347553?
101, 49122253
What are the prime factors of 94506009?
3, 13, 17, 142543
List the prime factors of 666551405.
5, 13, 113, 90749
List the prime factors of 194394224.
2, 421, 28859
What are the prime factors of 133295422?
2, 13, 5126747
What are the prime factors of 75952270?
2, 5, 7595227
What are the prime factors of 58156984?
2, 43, 293, 577
What are the prime factors of 44644562?
2, 877, 25453
List the prime factors of 930524198.
2, 465262099
What are the prime factors of 199567929?
3, 11, 6047513
List the prime factors of 733171.
23, 127, 251
List the prime factors of 314714709.
3, 1381, 25321
List the prime factors of 3582444825.
3, 5, 223, 71399
List the prime factors of 1243619713.
7, 177659959
List the prime factors of 410683915.
5, 8011, 10253
List the prime factors of 382045332.
2, 3, 3253, 9787
List the prime factors of 148369375.
5, 7, 11, 3083
List the prime factors of 217761280.
2, 5, 11, 19, 37
What are the prime factors of 13064014?
2, 6532007
List the prime factors of 450095936.
2, 7032749
What are the prime factors of 7095782553?
3, 29, 81560719
List the prime factors of 432180787.
23, 457, 41117
What are the prime factors of 23890948?
2, 5972737
What are the prime factors of 142196698?
2, 7, 37, 211, 1301
List the prime factors of 396201319.
19, 20852701
List the prime factors of 238282989.
3, 7, 11346809
List the prime factors of 990016333.
990016333
What are the prime factors of 94275407?
229, 411683
What are the prime factors of 147441306?
2, 3, 17, 1445503
What are the prime factors of 53920001?
5791, 9311
List the prime factors of 32061201.
3, 17, 628651
What are the prime factors of 3992221734?
2, 3, 23, 28929143
What are the prime factors of 33581664?
2, 3, 17, 19
What are the prime factors of 126703361?
126703361
List the prime factors of 71246631.
3, 1487, 15971
What are the prime factors of 968558343?
3, 1741, 185441
What are the prime factors of 45888151?
17, 23, 117361
What are the prime factors of 3664225844?
2, 47, 127, 153469
What are the prime factors of 32768759?
32768759
What are the prime factors of 649868477?
89, 7301893
List the prime factors of 2312681761.
13, 177898597
What are the prime factors of 48064819?
11, 4369529
List the prime factors of 14846954.
2, 31, 43, 5569
List the prime factors of 6042782955.
3, 5, 11, 503, 6619
List the prime factors of 178562190.
2, 3, 5, 19, 313267
What are the prime factors of 264757380?
2, 3, 5, 103, 42841
List the prime factors of 123109714.
2, 7, 13, 676427
List the prime factors of 65319986.
2, 19, 1718947
What are the prime factors of 280881979?
7, 31, 509, 2543
List the prime factors of 38123783.
38123783
What are the prime factors of 158985596?
2, 7, 11, 37, 1993
List the prime factors of 958262542.
2, 59, 61, 67, 1987
List the prime factors of 268793168.
2, 7, 2399939
What are the prime factors of 1892878202?
2, 19009, 49789
List the prime factors of 368127420.
2, 3, 5, 23, 266759
What are the prime factors of 5667456?
2, 3, 14759
What are the prime factors of 361100754?
2, 3, 7, 318431
What are the prime factors of 100255691?
59, 1699249
List the prime factors of 287853057.
3, 167, 191519
List the prime factors of 42714383.
593, 72031
List the prime factors of 1934150480.
2, 5, 103, 234727
What are the prime factors of 22661092?
2, 5665273
List the prime factors of 2068149704.
2, 258518713
What are the prime factors of 503151596?
2, 4637, 27127
What are t